8
Suppose -27*b = -40916 - 64924. What is the units digit of b?
0
Let u be (-2)/(-3) + 10/(-15). Suppose 4*a = 4*o, 2*a = -5*o - u*o + 14. Suppose -4*l + 222 = a*l. What is the tens digit of l?
3
Suppose f + 4*z = -61, z - 193 = 5*f + 91. Let l = f + 104. What is the units digit of l?
7
Suppose 2*p = -1 + 21. Let n = 115 + p. What is the tens digit of n?
2
Suppose -3*n = -0*n - 18. Suppose n*l = 9 + 15. Suppose -4*t - d = -17 - 19, l*t - 3*d = 36. What is the units digit of t?
9
Suppose -4*v = 3*h - h - 242, -210 = -2*h + 4*v. What is the hundreds digit of h?
1
Let y(v) = 2*v + 20. Let q(d) = d. Let f(j) = -3*q(j) + y(j). Let r(i) = 6*i**2 + i + 1. Let a be r(-1). What is the tens digit of f(a)?
1
Suppose -33*q + 810 = -279. What is the tens digit of q?
3
What is the hundreds digit of 3 - 4 - (-3676 + -4)/5?
7
Let v(d) = -130*d**3 + d**2 - d + 3. What is the tens digit of v(-2)?
4
Suppose 0 = 139*q - 136*q - 21. Let o(j) = 3*j**2 + j. Let n be o(1). Suppose -n*z - 15 = -q*z. What is the units digit of z?
5
Let u(b) = 2*b + 1. Suppose -11*n + 35 - 2 = 0. What is the units digit of u(n)?
7
Let u = 5 - 15. Let c(f) = -f**3 - f + 1. Let r(d) = -5*d**3 + 9*d**2 - 14*d - 1. Let n(l) = 6*c(l) - r(l). What is the units digit of n(u)?
7
Let w be (304/80)/((-2)/(-10)). Suppose -w = -4*z + 9. What is the units digit of z?
7
Let g(a) = -a**2 + 6*a + 9. Let c be g(7). Suppose -45 = 7*x - c*x. What is the units digit of ((-3)/x)/(2/84)?
4
Let i = -1447 - -1642. What is the units digit of i?
5
What is the tens digit of 18053/21 + (-8)/(-6) - -3?
6
Let j = 1021 + -469. Suppose 2*h = 4*o - j, -3*o + 4*h = -h - 407. What is the units digit of o?
9
Suppose 3*w - 5424 + 228 = 4*l, 5*w - 4*l = 8660. What is the hundreds digit of w?
7
Suppose -2*k = 2*s - 2, -3*s - k = -0*s - 11. Suppose 0 = -3*g + s*c + 77, c = -g - 2 + 33. What is the tens digit of g?
2
Suppose 3*d - 7*d = -772. Let r = d - 76. What is the hundreds digit of r?
1
Suppose 1044 = -48*i + 52*i. What is the hundreds digit of i?
2
Let m(p) = p**3 - 11*p**2 + 12*p - 8. Let o be m(9). Let c = o + 227. What is the tens digit of c?
6
Let q = 674 - 345. What is the hundreds digit of q?
3
Suppose a + 43 + 16 = 0. Let i = a + 144. Suppose 0 = -4*j + 12, -4*r + i + 84 = 3*j. What is the tens digit of r?
4
Let d(a) = 412*a + 654. What is the thousands digit of d(9)?
4
Suppose 3*t = 3*b + 33, 0 = -3*b + t + t - 28. Let n be b/(-18) - 347/(-3). Suppose 0 = -2*j - 5*z + 15 + 77, z = 2*j - n. What is the tens digit of j?
5
Let j(y) = -y**3 - 10*y**2 + 6*y + 11. Let g be j(-9). Let x = 16 - g. What is the units digit of (x/49)/(1/7)?
0
Let x = -1 - 4. Let i = 12 + x. Let a(q) = -q**3 + 8*q**2 - 3*q - 9. What is the units digit of a(i)?
9
Let q be (2/2)/((-2)/24). What is the units digit of (4/q)/(2/(-228))?
8
Let g = -392 + 729. What is the hundreds digit of g?
3
Let k(q) = q**3 + 24*q**2 + 26*q - 13. What is the thousands digit of k(-16)?
1
Suppose 2*l + 0 - 4 = 0. Suppose -3*q = -k + 22, -l*k + 4*q = 3*q - 24. What is the tens digit of k/(-2)*(-68)/20?
1
Suppose 3*c - 13*c + 2800 = 0. Suppose 3*m + c = 4*s, -4*s + 0*s - 3*m + 304 = 0. What is the units digit of s?
3
Let c(g) = -2*g**3 + 4*g**2 - 17*g + 4. What is the units digit of c(-8)?
0
Suppose -w = -392 - 4. Suppose 2*l - w = -l + 3*y, 2*y = 8. Suppose 2*p = 6*p - l. What is the units digit of p?
4
What is the hundreds digit of ((-2202)/12)/((-2)/16)?
4
Let l(w) = -w - 10. Let i be l(17). Let j = 30 + i. What is the tens digit of ((-32)/j)/(10/(-45))?
4
Let j be ((-56)/16)/((-2)/4). Suppose j = -f - 18. Let t = -13 - f. What is the units digit of t?
2
Let j = -338 + 635. What is the hundreds digit of j?
2
Suppose -5*r + u - 5*u + 1676 = 0, -u - 1 = 0. Suppose 4*p - r = -2*p. What is the units digit of p?
6
What is the units digit of 623 + (-76)/(-16) + 2/8?
8
Let a(c) = -180*c - 32. What is the units digit of a(-3)?
8
Suppose -90*r = -95*r + 125. What is the tens digit of r?
2
What is the hundreds digit of (-78650)/(-18) - (-472)/(-1062)?
3
Let i(c) = -c. Let r be i(-4). Suppose 25 = -r*s - s, 5*s + 273 = -4*u. What is the units digit of 2 + -3 - u/2?
0
Let p(b) = 659*b - 23. What is the hundreds digit of p(1)?
6
Let b(n) = 98*n**2 + n. Let g be (6 + -6)/(3 - 1) - 1. What is the units digit of b(g)?
7
Suppose -2*i + 39 = -5*i. Let r(o) = -5*o + 2. Let c be r(i). Let d = 96 - c. What is the tens digit of d?
2
Let i be 3/3 - (1 - 5). Suppose -5*n = -o - 4*n + i, 2*o + 2 = -4*n. Suppose -5*r = 4*j - 400, -2*r = -o*r - j + 81. What is the units digit of r?
6
Suppose -o = o - 2. Let f(c) = -6*c + o - c**2 + 0 + 0*c. What is the tens digit of f(-3)?
1
Let r(o) = -7*o + 24. Let c(m) = -6*m + 23. Let q(y) = 3*c(y) - 4*r(y). What is the tens digit of q(16)?
3
Let q(g) = 3*g**3 - 2*g**2 - 3*g - 1. Let s be q(-1). Let t(x) = -18*x + 5. Let w(a) = 9*a - 3. Let k(j) = s*t(j) - 5*w(j). What is the tens digit of k(7)?
6
Let m(x) = 2*x**2 + 10*x + 12. Let c be m(-3). What is the tens digit of -3 + (-1 - c) + 54?
5
Suppose 145 = 2*p - 197. What is the tens digit of p?
7
Suppose -3*w = -0*w - 99. Let u = w - 49. Let m = u + 22. What is the units digit of m?
6
Let b be 5/120*-4 - 965/6. Let a = 262 + b. What is the units digit of a?
1
Let z be (14/(-35))/(3/135015). Let c = z - -10532. What is the tens digit of c/(-117) + (-4)/(-26)?
6
Let c(v) = 4*v**2 + 2*v - 5. Let i be c(5). Let q = i - 11. What is the tens digit of q?
9
Let h be 5*3/(-3)*-3. Suppose 2240 = h*q - 445. What is the units digit of q?
9
Let g be 315/(-20) + 2/(-8). What is the tens digit of (10 + g)*5/(-3)?
1
Let p = -13 - -12. Let j(u) = -u**3 - 1. Let w(d) = -2*d**3 - 6*d**2 - 8*d + 3. Let a(q) = p*w(q) + 3*j(q). What is the units digit of a(7)?
1
Let t be 12/(4/410*5). Suppose 2*d - 202 = -2*n - 36, -3*d - 4*n = -t. What is the tens digit of d?
8
Let l(n) be the first derivative of n**4/4 + 7*n**3/3 + n**2 - 10*n + 26. Suppose -5*r + w - 38 = -w, 0 = -2*r + 4*w - 28. What is the tens digit of l(r)?
1
Let x(m) = -4*m - 7. Let r be x(0). Let l(p) = 2*p**2 - 2*p + 13. What is the tens digit of l(r)?
2
Let m = -321 + 569. Suppose 2*w - 110 = 5*c, -5*w + c - 2*c + m = 0. What is the tens digit of w?
5
Let h = -380 + 944. What is the tens digit of h?
6
What is the tens digit of ((-636)/(-14))/(58/14 - 4)?
1
Let m(f) = -f**2 - 13*f - 2. Let u be m(-6). Suppose -3*v - 7 + u = 0. Let n = v + -1. What is the tens digit of n?
1
Let j be (-2)/(4/6) + (-3150)/(-6). Let k = -338 + j. What is the hundreds digit of k?
1
Let p(w) = 0*w + 7 - 2*w + 0*w + 4*w. Let r be p(0). Suppose -r*g + 51 = -4*g. What is the units digit of g?
7
Let j = 13300 + -8706. What is the hundreds digit of j?
5
Let y be (-8)/(-3)*234/(-12). What is the tens digit of (6 - y)*(-2)/(-4)?
2
What is the thousands digit of 2788 - (26/6 + 12/18)?
2
Suppose -110*p + 324618 = -116372. What is the tens digit of p?
0
Let x(r) be the second derivative of -r**5/20 + r**4 + 7*r**3/3 + 17*r**2/2 - 14*r. What is the tens digit of x(13)?
3
Let y(z) = -49*z - 10. What is the units digit of y(-15)?
5
Suppose -5*v = -9*v - 8. What is the tens digit of 1072/20 + v/(-5)?
5
What is the units digit of (((-3912)/10)/(-2))/((-708)/(-1770))?
9
Suppose -3*b = -291 - 1875. What is the hundreds digit of b?
7
Suppose 0*r + 18 = 4*q + 3*r, -5 = q - 4*r. Suppose -3*p + 159 = -0*p + 3*c, -q*c = -p + 41. What is the units digit of p?
0
Suppose -5*u + 0*u - 775 = 0. Let a = u + 269. What is the units digit of a?
4
Let b = -10 + 164. Suppose -4*m = -2*p + b + 126, -4*m + 312 = 2*p. What is the hundreds digit of p?
1
Let y(z) = -z**2 + 12*z - 20. Let q be y(10). Suppose 0 = -8*b - q*b + 1040. What is the hundreds digit of b?
1
Suppose 5*d = 15*a - 11*a - 1571, 3*a - d = 1181. What is the hundreds digit of a?
3
Let r = -2316 + 4816. What is the thousands digit of r?
2
Suppose 5*c - 4*j = 34, 0*c - 2*j - 20 = -3*c. Suppose z - 399 = -c*z. What is the units digit of z?
7
Suppose 0*m - 5*m = -4*s - 137, -s - 29 = 4*m. What is the hundreds digit of (-6)/s + (-3738)/(-11)?
3
Let o(f) = -f**3 + 4*f**2 + 7*f - 7. Let n be o(4). Let l = -15 + n. Suppose -4*s + l*s - 50 = 0. What is the tens digit of s?
2
Suppose -28 + 3 = -5*q. Suppose q*a = a + 68. Suppose -c + a - 2 = 0. What is the units